{"id":2733,"date":"2017-07-27T09:51:52","date_gmt":"2017-07-27T07:51:52","guid":{"rendered":"http:\/\/ed.aislinthemes.com\/high-school\/?page_id=2"},"modified":"2021-10-10T17:12:45","modified_gmt":"2021-10-10T15:12:45","slug":"atbalsta-biedriba","status":"publish","type":"page","link":"https:\/\/www.rchv.lv\/web\/noderigi\/atbalsta-biedriba","title":{"rendered":"Atbalsta biedr\u012bba"},"content":{"rendered":"<div class=\"vc_row wpb_row vc_row-fluid vc_custom_1487251064130\"><div class=\"wpb_column vc_column_container vc_col-sm-12\"><div class=\"vc_column-inner vc_custom_1490084216082\"><div class=\"wpb_wrapper\"><h1 style=\"text-align: left\" class=\"vc_custom_heading vc_custom_1581896724089\" >Atbalsta biedr\u012bba<\/h1><\/div><\/div><\/div><\/div><div class=\"vc_row wpb_row vc_row-fluid\"><div class=\"wpb_column vc_column_container vc_col-sm-6\"><div class=\"vc_column-inner\"><div class=\"wpb_wrapper\">\n\t<div class=\"wpb_text_column wpb_content_element \" >\n\t\t<div class=\"wpb_wrapper\">\n\t\t\t<p><strong>Jana Tetere<\/strong> &#8211; valdes priek\u0161s\u0113d\u0113t\u0101ja<br \/>\n<strong>El\u012bna Spr\u016bde &#8211; Nesenberga<\/strong> &#8211; valdes locekle<br \/>\n<strong>Lolita Smilga<\/strong> &#8211; valdes locekle\/gr\u0101matvede<\/p>\n<p><a href=\"http:\/\/www.rchvab.lv\/\">www.rchvab.lv<\/a>\u00a0 \u00a0 \u00a0<a href=\"mailto:rchvab@gmail.com\">rchvab@gmail.com<\/a><\/p>\n\n\t\t<\/div>\n\t<\/div>\n<\/div><\/div><\/div><div class=\"wpb_column vc_column_container vc_col-sm-6\"><div class=\"vc_column-inner\"><div class=\"wpb_wrapper\"><h5 style=\"text-align: center\" class=\"vc_custom_heading\" >R\u012bgas Centra humanit\u0101r\u0101s vidusskolas atbalsta biedr\u012bba<\/h5><div class=\"vc_message_box vc_message_box-standard vc_message_box-rounded vc_color-alert-info\" ><div class=\"vc_message_box-icon\"><i class=\"fa fa-info-circle\"><\/i><\/div><p>Re\u0123. Nr.\u00a0 40008037393<br \/>\nkonts\u00a0 \u00a0 \u00a0 \u00a0LV98HABA0551005792257<br \/>\nBanka\u00a0 \u00a0 \u00a0 A\/S Swedbank<br \/>\nSWIFT\u00a0 \u00a0 HABALV22<\/p>\n<\/div><\/div><\/div><\/div><\/div><div class=\"vc_row wpb_row vc_row-fluid\"><div class=\"wpb_column vc_column_container vc_col-sm-12\"><div class=\"vc_column-inner\"><div class=\"wpb_wrapper\"><div class=\"vc_empty_space\"   style=\"height: 32px\"><span class=\"vc_empty_space_inner\"><\/span><\/div><h3 style=\"text-align: left\" class=\"vc_custom_heading\" >Atbalsta biedr\u012bbas aktivit\u0101tes<\/h3><\/div><\/div><\/div><\/div><div class=\"vc_row wpb_row vc_row-fluid\"><div class=\"wpb_column vc_column_container vc_col-sm-12\"><div class=\"vc_column-inner\"><div class=\"wpb_wrapper\">\n\t<div class=\"wpb_text_column wpb_content_element \" >\n\t\t<div class=\"wpb_wrapper\">\n\t\t\t\n\t\t<\/div>\n\t<\/div>\n<h4 style=\"text-align: left\" class=\"vc_custom_heading\" >Par cit\u0101m Atbalsta biedr\u012bbas aktivit\u0101t\u0113m lasi:<\/h4>\n\t<div class=\"wpb_text_column wpb_content_element \" >\n\t\t<div class=\"wpb_wrapper\">\n\t\t\t<p><a href=\"http:\/\/rchvab.lv\/aktualitates\/\">http:\/\/rchvab.lv\/aktualitates\/<\/a><\/p>\n\n\t\t<\/div>\n\t<\/div>\n\n\t<div class=\"wpb_text_column wpb_content_element \" >\n\t\t<div class=\"wpb_wrapper\">\n\t\t\t<p>FACEBOOK vietn\u0113 <a href=\"https:\/\/www.facebook.com\/RCHVAB\">https:\/\/www.facebook.com\/RCHVAB<\/a><\/p>\n\n\t\t<\/div>\n\t<\/div>\n<\/div><\/div><\/div><\/div><div class=\"vc_row wpb_row vc_row-fluid\"><div class=\"wpb_column vc_column_container vc_col-sm-12\"><div class=\"vc_column-inner\"><div class=\"wpb_wrapper\"><h2 style=\"text-align: left\" class=\"vc_custom_heading\" >M\u016bsu kastanis - veiksmes talismans<\/h2><\/div><\/div><\/div><\/div><div class=\"vc_row wpb_row vc_row-fluid\"><div class=\"wpb_column vc_column_container vc_col-sm-6\"><div class=\"vc_column-inner\"><div class=\"wpb_wrapper\">\n\t<div class=\"wpb_text_column wpb_content_element \" >\n\t\t<div class=\"wpb_wrapper\">\n\t\t\t<p>Kam\u0113r \u012bstie kasta\u0146i v\u0113l tikai gatavojas, viens ir nobriedis un atradis vietu tie\u0161i pie skolas ieejas! Priec\u0101jamies, ka RCHV 135.jubilejas gad\u0101 esam tiku\u0161i pie tik skaistas un elegantas d\u0101vanas! Bronz\u0101 veidot\u0101 un uz laukakmens uzlikt\u0101 skulpt\u016bra <em>Kastanis<\/em> ir m\u016bsu skolas absolventu d\u0101vana, kura tapusi, pateicoties RCHV Atbalsta biedr\u012bbas ener\u0123ijai un uz\u0146\u0113m\u012bbai.<\/p>\n<p>Atkl\u0101\u0161anas pas\u0101kum\u0101 piedal\u012bj\u0101s m\u016bsu skolas absolvents un projekta patrons Valdis Zatlers, t\u0113lnieks Valtis Bark\u0101ns, ainavu arhitekte Ilze Ruk\u0161\u0101ne, ilggad\u0113j\u0101 ang\u013cu valodas skolot\u0101ja Valent\u012bne Matroze, Atbalsta biedr\u012bbas p\u0101rst\u0101vji un, protams, 12.kla\u0161u skol\u0113ni, vec\u0101ki un m\u016bs skolas darbinieki.<\/p>\n<p>Ceram, ka m\u016bsu <em>Kastanis<\/em> \u00a0kalpos k\u0101 veiksmes talismans un pozit\u012bvas ener\u0123ijas l\u0101di\u0146\u0161 pirms atbild\u012bgiem mirk\u013ciem!<\/p>\n\n\t\t<\/div>\n\t<\/div>\n<\/div><\/div><\/div><div class=\"wpb_column vc_column_container vc_col-sm-6\"><div class=\"vc_column-inner\"><div class=\"wpb_wrapper\"><div class=\"wpb_gallery wpb_content_element vc_clearfix\" ><div class=\"wpb_wrapper\"><div class=\"wpb_gallery_slides wpb_flexslider flexslider_fade flexslider\" data-interval=\"3\" data-flex_fx=\"fade\"><ul class=\"slides\"><li><a href=\"https:\/\/www.rchv.lv\/web\/wp-content\/uploads\/2020\/10\/IMG_20200901_071918-768x1024.jpg\" target=\"_self\"><img loading=\"lazy\" decoding=\"async\" width=\"225\" height=\"300\" src=\"https:\/\/www.rchv.lv\/web\/wp-content\/uploads\/2020\/10\/IMG_20200901_071918-225x300.jpg\" class=\"attachment-medium\" alt=\"\" srcset=\"https:\/\/www.rchv.lv\/web\/wp-content\/uploads\/2020\/10\/IMG_20200901_071918-225x300.jpg 225w, https:\/\/www.rchv.lv\/web\/wp-content\/uploads\/2020\/10\/IMG_20200901_071918-768x1024.jpg 768w, https:\/\/www.rchv.lv\/web\/wp-content\/uploads\/2020\/10\/IMG_20200901_071918-1152x1536.jpg 1152w, https:\/\/www.rchv.lv\/web\/wp-content\/uploads\/2020\/10\/IMG_20200901_071918-9x12.jpg 9w, https:\/\/www.rchv.lv\/web\/wp-content\/uploads\/2020\/10\/IMG_20200901_071918.jpg 1470w\" sizes=\"auto, (max-width: 225px) 100vw, 225px\" \/><\/a><\/li><li><a href=\"https:\/\/www.rchv.lv\/web\/wp-content\/uploads\/2020\/10\/IMG_1260-1024x683.jpg\" target=\"_self\"><img loading=\"lazy\" decoding=\"async\" width=\"300\" height=\"200\" src=\"https:\/\/www.rchv.lv\/web\/wp-content\/uploads\/2020\/10\/IMG_1260-300x200.jpg\" class=\"attachment-medium\" alt=\"\" srcset=\"https:\/\/www.rchv.lv\/web\/wp-content\/uploads\/2020\/10\/IMG_1260-300x200.jpg 300w, https:\/\/www.rchv.lv\/web\/wp-content\/uploads\/2020\/10\/IMG_1260-1024x683.jpg 1024w, https:\/\/www.rchv.lv\/web\/wp-content\/uploads\/2020\/10\/IMG_1260-18x12.jpg 18w\" sizes=\"auto, (max-width: 300px) 100vw, 300px\" \/><\/a><\/li><li><a href=\"https:\/\/www.rchv.lv\/web\/wp-content\/uploads\/2020\/10\/IMG_1268-1024x683.jpg\" target=\"_self\"><img loading=\"lazy\" decoding=\"async\" width=\"300\" height=\"200\" src=\"https:\/\/www.rchv.lv\/web\/wp-content\/uploads\/2020\/10\/IMG_1268-300x200.jpg\" class=\"attachment-medium\" alt=\"\" srcset=\"https:\/\/www.rchv.lv\/web\/wp-content\/uploads\/2020\/10\/IMG_1268-300x200.jpg 300w, https:\/\/www.rchv.lv\/web\/wp-content\/uploads\/2020\/10\/IMG_1268-1024x683.jpg 1024w, https:\/\/www.rchv.lv\/web\/wp-content\/uploads\/2020\/10\/IMG_1268-18x12.jpg 18w\" sizes=\"auto, (max-width: 300px) 100vw, 300px\" \/><\/a><\/li><li><a href=\"https:\/\/www.rchv.lv\/web\/wp-content\/uploads\/2020\/10\/IMG_1307-1024x683.jpg\" target=\"_self\"><img loading=\"lazy\" decoding=\"async\" width=\"300\" height=\"200\" src=\"https:\/\/www.rchv.lv\/web\/wp-content\/uploads\/2020\/10\/IMG_1307-300x200.jpg\" class=\"attachment-medium\" alt=\"\" srcset=\"https:\/\/www.rchv.lv\/web\/wp-content\/uploads\/2020\/10\/IMG_1307-300x200.jpg 300w, https:\/\/www.rchv.lv\/web\/wp-content\/uploads\/2020\/10\/IMG_1307-1024x683.jpg 1024w, https:\/\/www.rchv.lv\/web\/wp-content\/uploads\/2020\/10\/IMG_1307-18x12.jpg 18w\" sizes=\"auto, (max-width: 300px) 100vw, 300px\" \/><\/a><\/li><li><a href=\"https:\/\/www.rchv.lv\/web\/wp-content\/uploads\/2020\/10\/IMG_1316-1024x683.jpg\" target=\"_self\"><img loading=\"lazy\" decoding=\"async\" width=\"300\" height=\"200\" src=\"https:\/\/www.rchv.lv\/web\/wp-content\/uploads\/2020\/10\/IMG_1316-300x200.jpg\" class=\"attachment-medium\" alt=\"\" srcset=\"https:\/\/www.rchv.lv\/web\/wp-content\/uploads\/2020\/10\/IMG_1316-300x200.jpg 300w, https:\/\/www.rchv.lv\/web\/wp-content\/uploads\/2020\/10\/IMG_1316-1024x683.jpg 1024w, https:\/\/www.rchv.lv\/web\/wp-content\/uploads\/2020\/10\/IMG_1316-18x12.jpg 18w, https:\/\/www.rchv.lv\/web\/wp-content\/uploads\/2020\/10\/IMG_1316.jpg 1779w\" sizes=\"auto, (max-width: 300px) 100vw, 300px\" \/><\/a><\/li><li><a href=\"https:\/\/www.rchv.lv\/web\/wp-content\/uploads\/2020\/10\/IMG_1435-1024x683.jpg\" target=\"_self\"><img loading=\"lazy\" decoding=\"async\" width=\"300\" height=\"200\" src=\"https:\/\/www.rchv.lv\/web\/wp-content\/uploads\/2020\/10\/IMG_1435-300x200.jpg\" class=\"attachment-medium\" alt=\"\" srcset=\"https:\/\/www.rchv.lv\/web\/wp-content\/uploads\/2020\/10\/IMG_1435-300x200.jpg 300w, https:\/\/www.rchv.lv\/web\/wp-content\/uploads\/2020\/10\/IMG_1435-1024x683.jpg 1024w, https:\/\/www.rchv.lv\/web\/wp-content\/uploads\/2020\/10\/IMG_1435-18x12.jpg 18w\" sizes=\"auto, (max-width: 300px) 100vw, 300px\" \/><\/a><\/li><\/ul><\/div><\/div><\/div><\/div><\/div><\/div><\/div><div class=\"vc_row wpb_row vc_row-fluid\"><div class=\"wpb_column vc_column_container vc_col-sm-12\"><div class=\"vc_column-inner\"><div class=\"wpb_wrapper\"><div class=\"vc_empty_space\"   style=\"height: 32px\"><span class=\"vc_empty_space_inner\"><\/span><\/div><h4 style=\"text-align: left\" class=\"vc_custom_heading\" >Skolai pieg\u0101d\u0101ti 16 jauni kl\u0113pjdatori.<\/h4><\/div><\/div><\/div><\/div><div class=\"vc_row wpb_row vc_row-fluid\"><div class=\"wpb_column vc_column_container vc_col-sm-6\"><div class=\"vc_column-inner\"><div class=\"wpb_wrapper\">\n\t<div class=\"wpb_text_column wpb_content_element \" >\n\t\t<div class=\"wpb_wrapper\">\n\t\t\t<p>Mums ir 16 jauni, kvalitat\u012bvi un \u0101tri datori.<\/p>\n\n\t\t<\/div>\n\t<\/div>\n<div class=\"vc_btn3-container  button-text vc_btn3-inline\" ><a class=\"vc_general vc_btn3 vc_btn3-size-md vc_btn3-shape-round vc_btn3-style-outline vc_btn3-color-orange\" href=\"https:\/\/rchvab.lv\/skolai-piegadati-16-jauni-klepjdatori\/\" title=\"\" target=\"_blank\">vair\u0101k par projektu<\/a><\/div><div class=\"vc_empty_space\"   style=\"height: 32px\"><span class=\"vc_empty_space_inner\"><\/span><\/div><\/div><\/div><\/div><div class=\"wpb_column vc_column_container vc_col-sm-6\"><div class=\"vc_column-inner\"><div class=\"wpb_wrapper\">\n\t<div  class=\"wpb_single_image wpb_content_element vc_align_left\">\n\t\t\n\t\t<figure class=\"wpb_wrapper vc_figure\">\n\t\t\t<div class=\"vc_single_image-wrapper   vc_box_border_grey\"><img loading=\"lazy\" decoding=\"async\" width=\"225\" height=\"300\" src=\"https:\/\/www.rchv.lv\/web\/wp-content\/uploads\/2020\/04\/IMG-20191127-WA0013-225x300.jpg\" class=\"vc_single_image-img attachment-medium\" alt=\"\" srcset=\"https:\/\/www.rchv.lv\/web\/wp-content\/uploads\/2020\/04\/IMG-20191127-WA0013-225x300.jpg 225w, https:\/\/www.rchv.lv\/web\/wp-content\/uploads\/2020\/04\/IMG-20191127-WA0013.jpg 768w, https:\/\/www.rchv.lv\/web\/wp-content\/uploads\/2020\/04\/IMG-20191127-WA0013-9x12.jpg 9w\" sizes=\"auto, (max-width: 225px) 100vw, 225px\" \/><\/div>\n\t\t<\/figure>\n\t<\/div>\n<\/div><\/div><\/div><\/div><div class=\"vc_row wpb_row vc_row-fluid\"><div class=\"wpb_column vc_column_container vc_col-sm-12\"><div class=\"vc_column-inner\"><div class=\"wpb_wrapper\"><div class=\"vc_empty_space\"   style=\"height: 32px\"><span class=\"vc_empty_space_inner\"><\/span><\/div><h4 style=\"text-align: left\" class=\"vc_custom_heading\" >Skolot\u0101ja stipendijas konkurss<\/h4><\/div><\/div><\/div><\/div><div class=\"vc_row wpb_row vc_row-fluid\"><div class=\"wpb_column vc_column_container vc_col-sm-6\"><div class=\"vc_column-inner\"><div class=\"wpb_wrapper\">\n\t<div class=\"wpb_text_column wpb_content_element \" >\n\t\t<div class=\"wpb_wrapper\">\n\t\t\t<p>Stipendija paredz\u0113ta RCHV pedagogisk\u0101 darbinieka ikdienas m\u0101c\u012bbu darb\u0101 uzs\u0101kt\u0101 p\u0113tniec\u012bbas vai rado\u0161\u0101 darba atbalstam, kas v\u0113rsts uz inovat\u012bvu m\u0101c\u012bbu meto\u017eu izstr\u0101des un pielieto\u0161anas m\u0101c\u012bbu darb\u0101, izcifibas, zin\u0101\u0161anu un rado\u0161uma p\u0101rneses un ilgtsp\u0113jas sekm\u0113\u0161anu, t\u0101d\u0113j\u0101di sekm\u0113jot pedagogisk\u0101 darbinieka darba kvalit\u0101tes cel\u0161anu, dodot iesp\u0113ju t\u0101l\u0101kizgl\u012btoties un turpin\u0101t\/pilnveidot ies\u0101kt\u0101s p\u0113tniec\u012bbas vai rado\u0161\u0101s prakses.<\/p>\n\n\t\t<\/div>\n\t<\/div>\n<div class=\"vc_btn3-container  button-text vc_btn3-inline\" ><a class=\"vc_general vc_btn3 vc_btn3-size-md vc_btn3-shape-round vc_btn3-style-outline vc_btn3-color-orange\" href=\"https:\/\/rchvab.lv\/skolotaja-stipendija-2019\/\" title=\"\" target=\"_blank\">vair\u0101k par projektu<\/a><\/div><div class=\"vc_empty_space\"   style=\"height: 32px\"><span class=\"vc_empty_space_inner\"><\/span><\/div><\/div><\/div><\/div><div class=\"wpb_column vc_column_container vc_col-sm-6\"><div class=\"vc_column-inner\"><div class=\"wpb_wrapper\">\n\t<div  class=\"wpb_single_image wpb_content_element vc_align_left\">\n\t\t\n\t\t<figure class=\"wpb_wrapper vc_figure\">\n\t\t\t<div class=\"vc_single_image-wrapper   vc_box_border_grey\"><\/div>\n\t\t<\/figure>\n\t<\/div>\n<\/div><\/div><\/div><\/div><div class=\"vc_row wpb_row vc_row-fluid\"><div class=\"wpb_column vc_column_container vc_col-sm-12\"><div class=\"vc_column-inner\"><div class=\"wpb_wrapper\"><div class=\"vc_empty_space\"   style=\"height: 32px\"><span class=\"vc_empty_space_inner\"><\/span><\/div><h4 style=\"text-align: left\" class=\"vc_custom_heading\" >Skolas simbola skulpt\u016bra<\/h4><\/div><\/div><\/div><\/div><div class=\"vc_row wpb_row vc_row-fluid\"><div class=\"wpb_column vc_column_container vc_col-sm-6\"><div class=\"vc_column-inner\"><div class=\"wpb_wrapper\">\n\t<div class=\"wpb_text_column wpb_content_element \" >\n\t\t<div class=\"wpb_wrapper\">\n\t\t\t<p>Jau pavisam dr\u012bz \u2013 2020.gad\u0101 R\u012bgas Centra humanit\u0101r\u0101 vidusskola atz\u012bm\u0113s savu 135.gadadienu. Lai d\u0101v\u0101tu skolai ko v\u0113rt\u012bgu un turpm\u0101kaj\u0101m skol\u0113nu paaudz\u0113m palieko\u0161u, esam uzs\u0101ku\u0161i projektu \u201cSkolas simbols\u201d, kura ietvaros tiek veidota skulpt\u016bra \u2013 bronz\u0101 veidots kastanis uz liela Latvijas laukakmens.<\/p>\n\n\t\t<\/div>\n\t<\/div>\n<div class=\"vc_btn3-container  button-text vc_btn3-inline\" ><a class=\"vc_general vc_btn3 vc_btn3-size-md vc_btn3-shape-round vc_btn3-style-outline vc_btn3-color-orange\" href=\"https:\/\/rchvab.lv\/projekti\/aktualie-projekti\/simbols\/\" title=\"\" target=\"_blank\">vair\u0101k par projektu<\/a><\/div><\/div><\/div><\/div><div class=\"wpb_column vc_column_container vc_col-sm-6\"><div class=\"vc_column-inner vc_custom_1583151339819\"><div class=\"wpb_wrapper\">\n\t<div  class=\"wpb_single_image wpb_content_element vc_align_left\">\n\t\t\n\t\t<figure class=\"wpb_wrapper vc_figure\">\n\t\t\t<div class=\"vc_single_image-wrapper   vc_box_border_grey\"><img loading=\"lazy\" decoding=\"async\" width=\"437\" height=\"437\" src=\"https:\/\/www.rchv.lv\/web\/wp-content\/uploads\/2020\/02\/proj-kastanis.png\" class=\"vc_single_image-img attachment-full\" alt=\"\" srcset=\"https:\/\/www.rchv.lv\/web\/wp-content\/uploads\/2020\/02\/proj-kastanis.png 437w, https:\/\/www.rchv.lv\/web\/wp-content\/uploads\/2020\/02\/proj-kastanis-150x150.png 150w, https:\/\/www.rchv.lv\/web\/wp-content\/uploads\/2020\/02\/proj-kastanis-300x300.png 300w, https:\/\/www.rchv.lv\/web\/wp-content\/uploads\/2020\/02\/proj-kastanis-12x12.png 12w\" sizes=\"auto, (max-width: 437px) 100vw, 437px\" \/><\/div>\n\t\t<\/figure>\n\t<\/div>\n<\/div><\/div><\/div><\/div><div class=\"vc_row wpb_row vc_row-fluid\"><div class=\"wpb_column vc_column_container vc_col-sm-12\"><div class=\"vc_column-inner\"><div class=\"wpb_wrapper\"><div class=\"vc_empty_space\"   style=\"height: 32px\"><span class=\"vc_empty_space_inner\"><\/span><\/div><h4 style=\"text-align: left\" class=\"vc_custom_heading\" >Punktu\u0101l\u0101k\u0101 klase II<\/h4><\/div><\/div><\/div><\/div><div class=\"vc_row wpb_row vc_row-fluid\"><div class=\"wpb_column vc_column_container vc_col-sm-6\"><div class=\"vc_column-inner\"><div class=\"wpb_wrapper\">\n\t<div class=\"wpb_text_column wpb_content_element \" >\n\t\t<div class=\"wpb_wrapper\">\n\t\t\t<p style=\"font-weight: 400;\">Projektu \u201cPunktu\u0101l\u0101k\u0101 klase\u201d RCHV Atbalsta biedr\u012bba realiz\u0113 jau otro gadu p\u0113c k\u0101rtas. T\u0101 m\u0113r\u0137is- mazin\u0101t skolas kav\u0113\u0161anu, kas savuk\u0101rt ietekm\u0113 m\u0101c\u012bbu procesu un rezult\u0101tus.<\/p>\n<p style=\"font-weight: 400;\">\u0160aj\u0101 gad\u0101 tiks godin\u0101tas, t.sk. pie\u0161\u0137irot naudas balvu EUR 150 apm\u0113r\u0101, 4 klases \u2013 tr\u012bs punktu\u0101l\u0101k\u0101s klases \u0161\u0101d\u0101s kla\u0161u grup\u0101s: 1.-4.klases, 5.-9.klases un 10.-12.klases. K\u0101 ar\u012b viena klase, kura b\u016bs pan\u0101kusi visliel\u0101ko progresu, mazinot kav\u0113jumus.<\/p>\n\n\t\t<\/div>\n\t<\/div>\n<div class=\"vc_btn3-container  button-text vc_btn3-inline\" ><a class=\"vc_general vc_btn3 vc_btn3-size-md vc_btn3-shape-round vc_btn3-style-outline vc_btn3-color-orange\" href=\"https:\/\/rchvab.lv\/ir-zinamas-musu-skolas-punktualakas-klases-un-tiek-izzinots-jauns-konkurss\/\" title=\"\" target=\"_blank\">vair\u0101k par projektu<\/a><\/div><\/div><\/div><\/div><div class=\"wpb_column vc_column_container vc_col-sm-6\"><div class=\"vc_column-inner\"><div class=\"wpb_wrapper\">\n\t<div  class=\"wpb_single_image wpb_content_element vc_align_left\">\n\t\t\n\t\t<figure class=\"wpb_wrapper vc_figure\">\n\t\t\t<div class=\"vc_single_image-wrapper   vc_box_border_grey\"><img loading=\"lazy\" decoding=\"async\" width=\"1000\" height=\"745\" src=\"https:\/\/www.rchv.lv\/web\/wp-content\/uploads\/2020\/02\/sudents.jpg\" class=\"vc_single_image-img attachment-full\" alt=\"\" srcset=\"https:\/\/www.rchv.lv\/web\/wp-content\/uploads\/2020\/02\/sudents.jpg 1000w, https:\/\/www.rchv.lv\/web\/wp-content\/uploads\/2020\/02\/sudents-300x224.jpg 300w, https:\/\/www.rchv.lv\/web\/wp-content\/uploads\/2020\/02\/sudents-16x12.jpg 16w\" sizes=\"auto, (max-width: 1000px) 100vw, 1000px\" \/><\/div>\n\t\t<\/figure>\n\t<\/div>\n<\/div><\/div><\/div><\/div><div class=\"vc_row wpb_row vc_row-fluid\"><div class=\"wpb_column vc_column_container vc_col-sm-12\"><div class=\"vc_column-inner\"><div class=\"wpb_wrapper\"><div class=\"vc_empty_space\"   style=\"height: 32px\"><span class=\"vc_empty_space_inner\"><\/span><\/div><\/div><\/div><\/div><\/div>\n","protected":false},"excerpt":{"rendered":"Atbalsta biedr\u012bba Jana Tetere - valdes priek\u0161s\u0113d\u0113t\u0101ja El\u012bna Spr\u016bde - Nesenberga - valdes locekle Lolita Smilga - valdes locekle\/gr\u0101matvede www.rchvab.lv\u00a0&nbsp;<a href=\"https:\/\/www.rchv.lv\/web\/noderigi\/atbalsta-biedriba\">&hellip;<\/a>","protected":false},"author":1,"featured_media":0,"parent":3000,"menu_order":1,"comment_status":"closed","ping_status":"closed","template":"template-sidebar-right-childpages.php","meta":{"inline_featured_image":false,"footnotes":""},"class_list":["post-2733","page","type-page","status-publish","hentry","odd"],"_links":{"self":[{"href":"https:\/\/www.rchv.lv\/web\/wp-json\/wp\/v2\/pages\/2733","targetHints":{"allow":["GET"]}}],"collection":[{"href":"https:\/\/www.rchv.lv\/web\/wp-json\/wp\/v2\/pages"}],"about":[{"href":"https:\/\/www.rchv.lv\/web\/wp-json\/wp\/v2\/types\/page"}],"author":[{"embeddable":true,"href":"https:\/\/www.rchv.lv\/web\/wp-json\/wp\/v2\/users\/1"}],"replies":[{"embeddable":true,"href":"https:\/\/www.rchv.lv\/web\/wp-json\/wp\/v2\/comments?post=2733"}],"version-history":[{"count":86,"href":"https:\/\/www.rchv.lv\/web\/wp-json\/wp\/v2\/pages\/2733\/revisions"}],"predecessor-version":[{"id":7396,"href":"https:\/\/www.rchv.lv\/web\/wp-json\/wp\/v2\/pages\/2733\/revisions\/7396"}],"up":[{"embeddable":true,"href":"https:\/\/www.rchv.lv\/web\/wp-json\/wp\/v2\/pages\/3000"}],"wp:attachment":[{"href":"https:\/\/www.rchv.lv\/web\/wp-json\/wp\/v2\/media?parent=2733"}],"curies":[{"name":"wp","href":"https:\/\/api.w.org\/{rel}","templated":true}]}}