{"id":2734,"date":"2017-03-10T09:59:51","date_gmt":"2017-03-10T09:59:51","guid":{"rendered":"http:\/\/ed.aislinthemes.com\/?page_id=2381"},"modified":"2023-10-24T10:40:03","modified_gmt":"2023-10-24T08:40:03","slug":"atrodi","status":"publish","type":"page","link":"https:\/\/www.rchv.lv\/web\/atrodi","title":{"rendered":"Atrodi"},"content":{"rendered":"<div class=\"vc_row wpb_row vc_row-fluid vc_custom_1487251064130\"><div class=\"wpb_column vc_column_container vc_col-sm-12\"><div class=\"vc_column-inner vc_custom_1490018624138\"><div class=\"wpb_wrapper\"><h1 style=\"text-align: left\" class=\"vc_custom_heading vc_custom_1581896837495\" >Atrodi<\/h1><\/div><\/div><\/div><\/div><div class=\"vc_row wpb_row vc_row-fluid vc_custom_1487845428034\"><div class=\"wpb_column vc_column_container vc_col-sm-4\"><div class=\"vc_column-inner\"><div class=\"wpb_wrapper\">\n\t\t\t\t\t<div class=\"wh-theme-icon vc_custom_1487941823800  scp_theme_icon-ac3278d842c4bd032c753cbdf8981ca3\">\n\t\t\t\t<i class=\"icon-edbadge\"><\/i>\n\t\t\t<\/div>\n\t\t\t\t<h5 style=\"color: #000000;text-align: left\" class=\"vc_custom_heading vc_custom_1588169799549\" ><a href=\"http:\/\/www.rchv.lv\/web\/atrodi\/jaunumi\" title=\"Jaunumi\">Jaunumi<\/a><\/h5><div class=\"vc_empty_space\"   style=\"height: 32px\"><span class=\"vc_empty_space_inner\"><\/span><\/div><\/div><\/div><\/div><div class=\"wpb_column vc_column_container vc_col-sm-4\"><div class=\"vc_column-inner\"><div class=\"wpb_wrapper\">\n\t\t\t\t\t<div class=\"wh-theme-icon vc_custom_1487941856747  scp_theme_icon-4a261e521e564651be4fa75d46fbb6ea\">\n\t\t\t\t<i class=\"icon-edlight-bulb\"><\/i>\n\t\t\t<\/div>\n\t\t\t\t<h5 style=\"color: #000000;text-align: left\" class=\"vc_custom_heading vc_custom_1588169862675\" ><a href=\"http:\/\/www.rchv.lv\/web\/atrodi\/fakultativas-nodarbibas\" title=\"Fakultat\u012bv\u0101s nodarb\u012bbas\">Fakultat\u012bv\u0101s nodarb\u012bbas<\/a><\/h5><\/div><\/div><\/div><\/div><div class=\"vc_row wpb_row vc_row-fluid vc_custom_1487773067124\"><div class=\"wpb_column vc_column_container vc_col-sm-4\"><div class=\"vc_column-inner vc_custom_1490170318114\"><div class=\"wpb_wrapper\">\n\t\t\t\t\t<div class=\"wh-theme-icon vc_custom_1602428207587  scp_theme_icon-5f3ecb902a70040a6590a5c100650173\">\n\t\t\t\t<i class=\"icon-edsquare\"><\/i>\n\t\t\t<\/div>\n\t\t\t\t<h5 style=\"color: #000000;text-align: left\" class=\"vc_custom_heading vc_custom_1602428722166\" ><a href=\"http:\/\/www.rchv.lv\/web\/atrodi\/konsultaciju-sar\" title=\"Konsult\u0101ciju saraksts\">Konsult\u0101ciju saraksts<\/a><\/h5><\/div><\/div><\/div><div class=\"wpb_column vc_column_container vc_col-sm-4\"><div class=\"vc_column-inner\"><div class=\"wpb_wrapper\">\n\t\t\t\t\t<div class=\"wh-theme-icon vc_custom_1487941871352  scp_theme_icon-07cfe89a2b9f26879de57caf3302c96e\">\n\t\t\t\t<i class=\"icon-edhtml\"><\/i>\n\t\t\t<\/div>\n\t\t\t\t<h5 style=\"color: #000000;text-align: left\" class=\"vc_custom_heading vc_custom_1698136799188\" ><a href=\"https:\/\/www.rchv.lv\/web\/atrodi\/pulcini\" title=\"Pulci\u0146i\">Intere\u0161u izgl\u012bt\u012bbu<\/a><\/h5><\/div><\/div><\/div><div class=\"wpb_column vc_column_container vc_col-sm-4\"><div class=\"vc_column-inner\"><div class=\"wpb_wrapper\">\n\t\t\t\t\t<div class=\"wh-theme-icon vc_custom_1487941892469  scp_theme_icon-bd7e1b42d032e19c7529b273bdb72c36\">\n\t\t\t\t<i class=\"icon-edarrow-one\"><\/i>\n\t\t\t<\/div>\n\t\t\t\t<h5 style=\"color: #000000;text-align: left\" class=\"vc_custom_heading vc_custom_1588169938131\" ><a href=\"http:\/\/www.rchv.lv\/web\/atrodi\/sports\" title=\"Sporta aktivit\u0101tes\">Sporta aktivit\u0101tes<\/a><\/h5><\/div><\/div><\/div><\/div><div class=\"vc_row wpb_row vc_row-fluid\"><div class=\"wpb_column vc_column_container vc_col-sm-12\"><div class=\"vc_column-inner vc_custom_1490170322788\"><div class=\"wpb_wrapper\"><div class=\"vc_separator wpb_content_element vc_separator_align_center vc_sep_width_100 vc_sep_border_width_4 vc_sep_pos_align_center vc_separator_no_text vc_sep_color_grey\" ><span class=\"vc_sep_holder vc_sep_holder_l\"><span  class=\"vc_sep_line\"><\/span><\/span><span class=\"vc_sep_holder vc_sep_holder_r\"><span  class=\"vc_sep_line\"><\/span><\/span>\n<\/div><\/div><\/div><\/div><\/div>\n","protected":false},"excerpt":{"rendered":"Atrodi Jaunumi Fakultat\u012bv\u0101s nodarb\u012bbas Konsult\u0101ciju saraksts Intere\u0161u izgl\u012bt\u012bbu Sporta aktivit\u0101tes","protected":false},"author":1,"featured_media":0,"parent":0,"menu_order":0,"comment_status":"closed","ping_status":"closed","template":"template-sidebar-right-childpages.php","meta":{"inline_featured_image":false,"footnotes":""},"class_list":["post-2734","page","type-page","status-publish","hentry","odd"],"_links":{"self":[{"href":"https:\/\/www.rchv.lv\/web\/wp-json\/wp\/v2\/pages\/2734","targetHints":{"allow":["GET"]}}],"collection":[{"href":"https:\/\/www.rchv.lv\/web\/wp-json\/wp\/v2\/pages"}],"about":[{"href":"https:\/\/www.rchv.lv\/web\/wp-json\/wp\/v2\/types\/page"}],"author":[{"embeddable":true,"href":"https:\/\/www.rchv.lv\/web\/wp-json\/wp\/v2\/users\/1"}],"replies":[{"embeddable":true,"href":"https:\/\/www.rchv.lv\/web\/wp-json\/wp\/v2\/comments?post=2734"}],"version-history":[{"count":14,"href":"https:\/\/www.rchv.lv\/web\/wp-json\/wp\/v2\/pages\/2734\/revisions"}],"predecessor-version":[{"id":10580,"href":"https:\/\/www.rchv.lv\/web\/wp-json\/wp\/v2\/pages\/2734\/revisions\/10580"}],"wp:attachment":[{"href":"https:\/\/www.rchv.lv\/web\/wp-json\/wp\/v2\/media?parent=2734"}],"curies":[{"name":"wp","href":"https:\/\/api.w.org\/{rel}","templated":true}]}}