{"id":2754,"date":"2017-02-13T09:48:39","date_gmt":"2017-02-13T07:48:39","guid":{"rendered":"http:\/\/ed.aislinthemes.com\/?page_id=472"},"modified":"2022-11-16T08:56:02","modified_gmt":"2022-11-16T06:56:02","slug":"sikdatnes","status":"publish","type":"page","link":"https:\/\/www.rchv.lv\/web\/par-mums\/sikdatnes","title":{"rendered":"S\u012bkdat\u0146u politika"},"content":{"rendered":"<div class=\"vc_row wpb_row vc_row-fluid\"><div class=\"wpb_column vc_column_container vc_col-sm-12\"><div class=\"vc_column-inner\"><div class=\"wpb_wrapper\"><h2 style=\"text-align: left\" class=\"vc_custom_heading\" >S\u012bkdat\u0146u politika<\/h2><\/div><\/div><\/div><\/div><div class=\"vc_row wpb_row vc_row-fluid\"><div class=\"wpb_column vc_column_container vc_col-sm-12\"><div class=\"vc_column-inner\"><div class=\"wpb_wrapper\">\n\t<div class=\"wpb_text_column wpb_content_element \" >\n\t\t<div class=\"wpb_wrapper\">\n\t\t\t<p style=\"text-align: center;\"><strong>I Visp\u0101r\u012bgie noteikumi<\/strong><\/p>\n<ol>\n<li>R\u012bgas Centra humanit\u0101r\u0101 vidusskola, re\u0123.nr. 90011585789, adrese: Kri\u0161j\u0101\u0146a Barona iela 97A, R\u012bga, LV-1012; elektronisk\u0101 pasta adrese: <a href=\"mailto:chvs@riga.lv\">chvs@riga.lv<\/a>; t\u012bmek\u013ca vietnes adrese: https:\/\/www.rchv.lv (turpm\u0101k &#8211; Sabiedr\u012bba) ap\u0146emas nodro\u0161in\u0101t Sabiedr\u012bbas t\u012bmek\u013ca vietnes https:\/\/www.rchv.lv (turpm\u0101k \u2013 vietne) un t\u0101s apmekl\u0113t\u0101ju personisk\u0101s inform\u0101cijas dro\u0161\u012bbu un vi\u0146u ties\u012bbu aizsardz\u012bbu, apmekl\u0113jot Sabiedr\u012bbas vietni un iepaz\u012bstoties ar t\u0101s saturu.<\/li>\n<\/ol>\n<p>&nbsp;<\/p>\n<ol start=\"2\">\n<li>\u0160\u012b s\u012bkdat\u0146u politika ir sagatavota ar nol\u016bku, lai m\u016bsu t\u012bmek\u013ca vietnes apmekl\u0113t\u0101ji ieg\u016btu papildu inform\u0101ciju par vietn\u0113 izmantotaj\u0101m tehnolo\u0123ij\u0101m un to, k\u0101 Sabiedr\u012bba t\u0101s izmanto.<\/li>\n<\/ol>\n<p>&nbsp;<\/p>\n<p style=\"text-align: center;\"><strong>II Inform\u0101cija par s\u012bkdatn\u0113m<\/strong><\/p>\n<ol start=\"3\">\n<li>S\u012bkdatnes ir mazas burtu un skait\u013cu datnes, kas tiek lejupiel\u0101d\u0113tas un saglab\u0101tas j\u016bsu dator\u0101 vai cit\u0101 ier\u012bc\u0113 (piem\u0113ram, viedt\u0101lrun\u012b, plan\u0161etdator\u0101), un saglab\u0101tas j\u016bsu t\u012bmek\u013ca p\u0101rl\u016bk\u0101 vietnes apmekl\u0113juma laik\u0101. T\u0101s var izmantot, lai sekotu l\u012bdzi, k\u0101das lapas vietn\u0113 apmekl\u0113jat, lai saglab\u0101tu j\u016bsu ievad\u012bto inform\u0101ciju vai atcer\u0113tos j\u016bsu izv\u0113les, piem\u0113ram, valodas iestat\u012bjumus, vietnes p\u0101rl\u016bko\u0161anas laik\u0101.<\/li>\n<\/ol>\n<p>&nbsp;<\/p>\n<p style=\"text-align: center;\"><strong>III S\u012bkdat\u0146u veido\u0161anas nol\u016bks un tiesiskais pamats<\/strong><\/p>\n<ol start=\"4\">\n<li>S\u012bkdatnes ir nepiecie\u0161amas, lai nodro\u0161in\u0101tu vietnes korektu darb\u012bbu, nodro\u0161inot t\u0101s pamata funkcijas.<\/li>\n<\/ol>\n<p>&nbsp;<\/p>\n<ol start=\"5\">\n<li>M\u0113s izmantojam da\u017e\u0101da veida s\u012bkdatnes, kas tiek izvietotas p\u0113c noklus\u0113juma (piem\u0113ram, &#8220;nepiecie\u0161am\u0101s&#8221; s\u012bkdatnes), ta\u010du par atsevi\u0161\u0137\u0101m s\u012bkdatn\u0113m, kas tiek izmantotas anal\u012btiskiem un m\u0113r\u0137auditorijas atlases nol\u016bkiem, m\u0113s pras\u0101m j\u016bsu piekri\u0161anu. Sniedzot piekri\u0161anu s\u012bkdat\u0146u josl\u0101, kas tiek par\u0101d\u012bta, kad apmekl\u0113jat t\u012bmek\u013ca vietni, j\u016bs izv\u0113laties, vai at\u013caujat izmantot noteiktas s\u012bkdat\u0146u kategorijas.<\/li>\n<\/ol>\n<p>&nbsp;<\/p>\n<p style=\"text-align: center;\"><strong>IV S\u012bkdat\u0146u veidi un to pielietojums<\/strong><\/p>\n<ol start=\"6\">\n<li>M\u0113s izmantojam tr\u012bs s\u012bkdat\u0146u kategorijas, ta\u010du pras\u0101m lietot\u0101ju piekri\u0161anu tikai div\u0101m no t\u0101m. J\u016bs varat piekrist ab\u0101m s\u012bkdat\u0146u kategorij\u0101m vai tikai k\u0101dai no t\u0101m. Piekr\u012btot k\u0101dai s\u012bkdat\u0146u kategorijai, j\u016bs sniedzat piekri\u0161anu vis\u0101m \u0161aj\u0101 kategorij\u0101 ietilpsto\u0161aj\u0101m s\u012bkdatn\u0113m (skatiet detaliz\u0113tu s\u012bkdat\u0146u sarakstu zem\u0101k). J\u016bs jebkur\u0101 br\u012bd\u012b varat main\u012bt savas izv\u0113les un atteikties no s\u012bkdatn\u0113m.<\/li>\n<\/ol>\n<p>&nbsp;<\/p>\n<p><strong>Nepiecie\u0161am\u0101s s\u012bkdatnes <\/strong><\/p>\n<p>Nepiecie\u0161am\u0101s s\u012bkdatnes ir b\u016btiskas un t\u0101s jums \u013cauj piek\u013c\u016bt da\u017e\u0101d\u0101m t\u012bmek\u013ca vietnes da\u013c\u0101m. \u0160\u012bs s\u012bkdatnes tiek saglab\u0101tas j\u016bsu dator\u0101, viedt\u0101lrun\u012b, plan\u0161etdator\u0101 vai cit\u0101 ier\u012bc\u0113 vietnes apmekl\u0113juma un p\u0101rl\u016bko\u0161anas laik\u0101 vai noteikt\u0101 laika period\u0101. T\u0101s tiek iestat\u012btas, rea\u0123\u0113jot uz j\u016bsu darb\u012bb\u0101m, kas ir uzskat\u0101mas par pakalpojuma piepras\u012b\u0161anu, piem\u0113ram, priv\u0101tuma preferen\u010du iestat\u012b\u0161ana, pierakst\u012b\u0161an\u0101s vai veidlapu aizpild\u012b\u0161ana. \u0160\u012bs s\u012bkdatnes ir nepiecie\u0161amas t\u012bmek\u013ca vietnes darb\u012bbai, t\u0101p\u0113c t\u0101s nevar izsl\u0113gt, un t\u0101d\u0113\u013c lietot\u0101ja piekri\u0161ana \u0161ai s\u012bkdat\u0146u kategorijai netiek pras\u012bta.<\/p>\n<p>&nbsp;<\/p>\n<p><strong>Anal\u012btisk\u0101s s\u012bkdatnes<\/strong><\/p>\n<p>Anal\u012btisk\u0101s s\u012bkdatnes \u013cauj uzskait\u012bt apmekl\u0113jumu skaitu un avotus, lai m\u0113s var\u0113tu izm\u0113r\u012bt un uzlabot savas t\u012bmek\u013ca vietnes darb\u012bbu. T\u0101s mums pal\u012bdz saprast, kuras lapas ir visiecien\u012bt\u0101k\u0101s un kuras tiek izmantotas visret\u0101k, k\u0101 ar\u012b to, k\u0101 apmekl\u0113t\u0101ji p\u0101rvietojas m\u016bsu vietn\u0113. Ja atteiksieties no \u0161o s\u012bkdat\u0146u izmanto\u0161anas, j\u016bsu apmekl\u0113jums netiks iek\u013cauts m\u016bsu statistik\u0101, bet vienlaikus neierobe\u017eos j\u016bsu darb\u012bbas m\u016bsu t\u012bmek\u013ca vietn\u0113.<\/p>\n<p>&nbsp;<\/p>\n<p><strong>M\u0101rketinga s\u012bkdatnes <\/strong><\/p>\n<p>M\u0113r\u0137auditorijas atlases s\u012bkdatnes tiek izmantotas, lai identific\u0113tu jums v\u0113lamo saturu \u0161aj\u0101 t\u012bmek\u013ca vietn\u0113 un sniegtu jums vispiem\u0113rot\u0101ko inform\u0101ciju par m\u016bsu produktiem un pakalpojumiem, uzlabotu m\u016bsu satura piel\u0101go\u0161anu un papla\u0161in\u0101tu j\u016bsu darb\u012bbu m\u016bsu vietn\u0113. \u0160\u012bs s\u012bkdatnes var tikt izmantotas m\u016bsu rekl\u0101mas kampa\u0146u vajadz\u012bb\u0101m tre\u0161o pu\u0161u t\u012bmek\u013ca vietn\u0113s. Ja j\u016bs piekr\u012btat \u0161o s\u012bkdat\u0146u izmanto\u0161anai, m\u0113s varam sa\u0146emt ar\u012b inform\u0101ciju par m\u016bsu uzticamo partneru t\u012bmek\u013ca vietn\u0113m, kur\u0101s j\u016bs esat rea\u0123\u0113ju\u0161i uz m\u016bsu rekl\u0101m\u0101m. Ja atteiksieties no \u0161o s\u012bkdat\u0146u izmanto\u0161anas, jums tiks pied\u0101v\u0101tas visp\u0101r\u012bgas un nepersonaliz\u0113tas rekl\u0101mas.<\/p>\n<p>&nbsp;<\/p>\n<p style=\"text-align: center;\"><strong>V Vietn\u0113 lietoto s\u012bkdat\u0146u saraksts<\/strong><\/p>\n<p><strong>\u00a0<\/strong><\/p>\n<p><strong>Nepiecie\u0161am\u0101s<\/strong><\/p>\n<table>\n<tbody>\n<tr>\n<td width=\"184\"><strong>Nosaukums<\/strong><\/td>\n<td width=\"184\"><strong>Nol\u016bks<\/strong><\/td>\n<td width=\"184\"><strong>Glab\u0101\u0161anas termi\u0146\u0161<\/strong><\/td>\n<\/tr>\n<tr>\n<td width=\"184\">cookielawinfo-checkbox-non-necessary<\/td>\n<td width=\"184\">Tiek saglab\u0101ta lietot\u0101ja izv\u0113le par piekri\u0161anu vai nepiekri\u0161anu statistikas s\u012bkdat\u0146u lieto\u0161anai. Netiek saglab\u0101ti nek\u0101di person\u012bgie dati.<\/td>\n<td width=\"184\">L\u012bdz sesijas beig\u0101m<\/td>\n<\/tr>\n<tr>\n<td width=\"184\">cookielawinfo-checkbox-necessary<\/td>\n<td width=\"184\">\u0160o s\u012bkfailu iestata GDPR Cookie Consent spraudnis. S\u012bkdatnes tiek izmantotas, lai saglab\u0101tu lietot\u0101ja piekri\u0161anu s\u012bkdatn\u0113m kategorij\u0101 \u201cNepiecie\u0161ams\u201d.<\/td>\n<td width=\"184\">11 m\u0113ne\u0161i<\/td>\n<\/tr>\n<tr>\n<td width=\"184\">__cf_bm<\/td>\n<td width=\"184\">\u0160o s\u012bkfailu izmanto, lai at\u0161\u0137irtu cilv\u0113kus un robotus. Tas ir izdev\u012bgi t\u012bmek\u013ca vietnei, lai sagatavotu der\u012bgus p\u0101rskatus par vietnes izmanto\u0161anu.<\/td>\n<td width=\"184\">1 diena<\/td>\n<\/tr>\n<\/tbody>\n<\/table>\n<p><strong>\u00a0<\/strong><\/p>\n<p><strong>M\u0101rketinga<\/strong><\/p>\n<table>\n<tbody>\n<tr>\n<td width=\"184\"><strong>Nosaukums<\/strong><\/td>\n<td width=\"184\"><strong>Nol\u016bks<\/strong><\/td>\n<td width=\"184\"><strong>Glab\u0101\u0161anas termi\u0146\u0161<\/strong><\/td>\n<\/tr>\n<tr>\n<td width=\"184\">VISITOR_INFO1_LIVE<\/td>\n<td width=\"184\">S\u012bkdatne nov\u0113rt\u0113 apmekl\u0113t\u0101ja interneta savienojuma \u0101trumu, ko izmanto, lai p\u0101rraid\u012btu atbilsto\u0161as kvalit\u0101tes YouTube videoklipu<\/td>\n<td width=\"184\">179 dienas<\/td>\n<\/tr>\n<tr>\n<td width=\"184\">YSC<\/td>\n<td width=\"184\">YouTube s\u012bkdatne, kas re\u0123istr\u0113 un saglab\u0101 unik\u0101lu ID, lai veidotu statistiku par video, kurus lietot\u0101js ir skat\u012bjies.<\/td>\n<td width=\"184\">Sesija<\/td>\n<\/tr>\n<\/tbody>\n<\/table>\n<p><strong>\u00a0<\/strong><\/p>\n<p style=\"text-align: center;\"><strong>VI Inform\u0101cija par personas doto piekri\u0161anu s\u012bkdat\u0146u izveidei<\/strong><\/p>\n<ol start=\"7\">\n<li>Apmekl\u0113jot \u0161o vietni, lietot\u0101jam tiek att\u0113lots logs ar zi\u0146ojumu par to, ka vietn\u0113 tiek izmantotas s\u012bkdatnes. Ja J\u016bs noklik\u0161\u0137in\u0101siet uz opcijas \u201cPiekr\u012btu\u201d, tas noz\u012bm\u0113s, ka esat piekritis vis\u0101m s\u012bkdatn\u0113m, kas atrodas t\u012bmek\u013ca vietn\u0113 un J\u016bs apstiprin\u0101t, ka esat iepazinies ar inform\u0101ciju par s\u012bkdatn\u0113m, to izmanto\u0161anas nol\u016bkiem, gad\u012bjumiem, kad inform\u0101cija tiek nodota tre\u0161aj\u0101m person\u0101m.<\/li>\n<\/ol>\n<p>&nbsp;<\/p>\n<ol start=\"8\">\n<li>Attiec\u012bb\u0101 uz &#8220;nepiecie\u0161amaj\u0101m&#8221; s\u012bkdatn\u0113m lietot\u0101ja piekri\u0161ana netiek pras\u012bta, jo \u0161\u012bs s\u012bkdatnes nodro\u0161ina piln\u012bgu un nep\u0101rtrauktu www.rchv.lv t\u012bmek\u013ca vietnes satura att\u0113lo\u0161anu, lai j\u016bs var\u0113tu pierakst\u012bties t\u012bmek\u013ca vietn\u0113 un sa\u0146emt atbilsto\u0161u digit\u0101l\u0101s p\u0101rl\u016bko\u0161anas un tie\u0161saistes lieto\u0161anas pieredzi.<\/li>\n<\/ol>\n<p>&nbsp;<\/p>\n<p style=\"text-align: center;\"><strong>VII S\u012bkdat\u0146u noraid\u012b\u0161ana<\/strong><\/p>\n<ol start=\"9\">\n<li>Ja v\u0113laties, lai j\u016bsu ier\u012bc\u0113 netiktu izmantotas s\u012bkdatnes, j\u016bs varat p\u0101rvald\u012bt s\u012bkdat\u0146u izv\u0113les atz\u012bm\u0113jot to t\u012bmek\u013ca vietn\u0113 izmantotaj\u0101 s\u012bkdat\u0146u sarakst\u0101 sada\u013c\u0101 \u201cPie\u0146emt\/noraid\u012bt\u201d. \u0145emiet v\u0113r\u0101, ka \u0161\u0101das izmai\u0146as\/izv\u0113le var ietekm\u0113t t\u012bmek\u013ca vietnes funkcionalit\u0101ti, un t\u0101 d\u0113\u013c jums var neb\u016bt iesp\u0113jams ieg\u016bt personaliz\u0113tus pied\u0101v\u0101jumus vai rekl\u0101mas.<\/li>\n<\/ol>\n<p>&nbsp;<\/p>\n<p style=\"text-align: center;\"><strong>VIII Piekri\u0161anas atsauk\u0161ana<\/strong><\/p>\n<ol start=\"10\">\n<li>Jebkur\u0101 br\u012bd\u012b varat main\u012bt to, k\u0101das s\u012bkdatnes \u013caujat mums izmantot, vai atteikties no s\u012bkdat\u0146u izmanto\u0161anas. J\u016bs varat atteikties no vis\u0101m s\u012bkdatn\u0113m, iz\u0146emot &#8220;nepiecie\u0161am\u0101s&#8221;.<\/li>\n<\/ol>\n<p>&nbsp;<\/p>\n<ol start=\"11\">\n<li>Ja v\u0113laties dot piekri\u0161anu vai atsaukt savu piekri\u0161anu anal\u012btiskaj\u0101m un m\u0101rketinga s\u012bkdatn\u0113m, noklik\u0161\u0137iniet uz attiec\u012bg\u0101s pogas.<\/li>\n<\/ol>\n<p>&nbsp;<\/p>\n<p style=\"text-align: center;\"><strong>IX Politikas izmai\u0146as<\/strong><\/p>\n<ol start=\"12\">\n<li>Inform\u0101cija par personas datu apstr\u0101di pieejama t\u012bmek\u013ca vietn\u0113 <a href=\"https:\/\/www.riga.lv\/lv\/rigas-pilsetas-pasvaldibas-personas-datu-aizsardzibas-politika\">https:\/\/www.riga.lv\/lv\/rigas-pilsetas-pasvaldibas-personas-datu-aizsardzibas-politika<\/a><\/li>\n<\/ol>\n<p>&nbsp;<\/p>\n<ol start=\"13\">\n<li>Sabiedr\u012bbai ir ties\u012bbas jebkur\u0101 br\u012bd\u012b izmain\u012bt \u0161o s\u012bkdat\u0146u politiku. Visas izmai\u0146as s\u012bkdat\u0146u izmanto\u0161anas politik\u0101 tiks public\u0113tas www.rchv.lv.<\/li>\n<\/ol>\n\n\t\t<\/div>\n\t<\/div>\n<\/div><\/div><\/div><\/div>\n","protected":false},"excerpt":{"rendered":"S\u012bkdat\u0146u politika I Visp\u0101r\u012bgie noteikumi R\u012bgas Centra humanit\u0101r\u0101 vidusskola, re\u0123.nr. 90011585789, adrese: Kri\u0161j\u0101\u0146a Barona iela 97A, R\u012bga, LV-1012; elektronisk\u0101 pasta&nbsp;<a href=\"https:\/\/www.rchv.lv\/web\/par-mums\/sikdatnes\">&hellip;<\/a>","protected":false},"author":1,"featured_media":0,"parent":2758,"menu_order":10,"comment_status":"closed","ping_status":"closed","template":"template-sidebar-right-childpages.php","meta":{"inline_featured_image":false,"footnotes":""},"class_list":["post-2754","page","type-page","status-publish","hentry","odd"],"_links":{"self":[{"href":"https:\/\/www.rchv.lv\/web\/wp-json\/wp\/v2\/pages\/2754","targetHints":{"allow":["GET"]}}],"collection":[{"href":"https:\/\/www.rchv.lv\/web\/wp-json\/wp\/v2\/pages"}],"about":[{"href":"https:\/\/www.rchv.lv\/web\/wp-json\/wp\/v2\/types\/page"}],"author":[{"embeddable":true,"href":"https:\/\/www.rchv.lv\/web\/wp-json\/wp\/v2\/users\/1"}],"replies":[{"embeddable":true,"href":"https:\/\/www.rchv.lv\/web\/wp-json\/wp\/v2\/comments?post=2754"}],"version-history":[{"count":107,"href":"https:\/\/www.rchv.lv\/web\/wp-json\/wp\/v2\/pages\/2754\/revisions"}],"predecessor-version":[{"id":9392,"href":"https:\/\/www.rchv.lv\/web\/wp-json\/wp\/v2\/pages\/2754\/revisions\/9392"}],"up":[{"embeddable":true,"href":"https:\/\/www.rchv.lv\/web\/wp-json\/wp\/v2\/pages\/2758"}],"wp:attachment":[{"href":"https:\/\/www.rchv.lv\/web\/wp-json\/wp\/v2\/media?parent=2754"}],"curies":[{"name":"wp","href":"https:\/\/api.w.org\/{rel}","templated":true}]}}